{"id":2,"date":"2020-03-06T14:02:41","date_gmt":"2020-03-06T14:02:41","guid":{"rendered":"http:\/\/kipupiste.fi\/New\/?page_id=2"},"modified":"2026-04-17T09:31:46","modified_gmt":"2026-04-17T09:31:46","slug":"sample-page","status":"publish","type":"page","link":"https:\/\/kipupiste.fi\/","title":{"rendered":"Lapuan Kipupiste"},"content":{"rendered":"<div class=\"wp-block-image is-style-default\">\n<figure class=\"aligncenter size-full\"><img loading=\"lazy\" decoding=\"async\" width=\"543\" height=\"289\" src=\"https:\/\/kipupiste.fi\/wp-content\/uploads\/2024\/09\/s87eerbw.png\" alt=\"\" class=\"wp-image-395\" srcset=\"https:\/\/kipupiste.fi\/wp-content\/uploads\/2024\/09\/s87eerbw.png 543w, https:\/\/kipupiste.fi\/wp-content\/uploads\/2024\/09\/s87eerbw-300x160.png 300w\" sizes=\"auto, (max-width: 543px) 100vw, 543px\" \/><\/figure>\n<\/div>\n\n\n<p class=\"has-very-dark-gray-color has-text-color\"><strong>Lapuan Kipupisteess\u00e4 ty\u00f6skentelev\u00e4t ammattitaitoiset ennen kaikkea tuki- ja liikuntaelinongelmien kuntoutukseen erikoistuneet OMT-fysioterapeutit.<\/strong>\u00a0Toteutamme my\u00f6s Kelan vaativaa l\u00e4\u00e4kinn\u00e4llist\u00e4 kuntoutusta ja allasterapiaa. <\/p>\n\n\n\n<p class=\"has-very-dark-gray-color has-text-color\">Ongelmien ja oireiden taustalla on usein l\u00f6ydett\u00e4viss\u00e4 kehon kannalta ep\u00e4edulliset kuormitusolosuhteet. Tavoitteenamme on yhdess\u00e4 asiakkaan kanssa selvitt\u00e4\u00e4 ja korjata n\u00e4it\u00e4 taustoja, jotta parhaaseen mahdolliseen hoitotulokseen p\u00e4\u00e4st\u00e4isiin ja jotteiv\u00e4t ongelmat uusiutuisi. Yksil\u00f6llisen, oikein kohdennetun fysioterapian toteuttamisen lis\u00e4ksi pyrimme asiakkaan kanssa l\u00f6yt\u00e4m\u00e4\u00e4n keinot kiputilojen hallintaan oikein suunnattujen ja ajoitettujen harjoitusohjelmien avulla.&nbsp;<\/p>\n\n\n\n<p class=\"has-very-dark-gray-color has-text-color\">Hoitolaitoksessamme ty\u00f6skentelev\u00e4t fysioterapeutit huolehtivat ammattitaitonsa yll\u00e4pysymisest\u00e4 ja kehitt\u00e4misest\u00e4 jatkuvalla t\u00e4ydennyskoulutuksella. Kipupisteess\u00e4 liikehoidot sek\u00e4 k\u00e4sittelyt suoritetaan ortopedisen manuaalisen terapian (OMT) periaatteiden mukaisesti. Turvotusten hoidossa voidaan hy\u00f6dynt\u00e4\u00e4 lymfaterapiaa. Pyrimme j\u00e4rjest\u00e4m\u00e4\u00e4n ensimm\u00e4isen hoitoajan 10 vrk kuluessa, ajanvaraus onnistuu my\u00f6s verkossa. Palvelemme Suomen ja Englannin kielell\u00e4.<\/p>\n\n\n\n<p><\/p>\n\n\n\n<p class=\"has-very-dark-gray-color has-text-color\">Teemme parhaamme turvataksemme Teille onnistuneen hoitotuloksen sek\u00e4 miellytt\u00e4v\u00e4n fysioterapiakokemuksen. Et tarvitse l\u00e4\u00e4k\u00e4rin l\u00e4hetett\u00e4. Jokainen asiakas on oikeutettu 4 k\u00e4yntikerralta\/ vuosi 15,00 euron arvoiseen KELA-korvaukseen<\/p>\n\n\n\n<p class=\"has-very-dark-gray-color has-text-color\">KELAn\u00a0vaativa l\u00e4\u00e4kinn\u00e4llinen kuntoutus. Toimitilamme ovat esteett\u00f6m\u00e4t ja k\u00e4yntioven l\u00e4heisyyteen p\u00e4\u00e4see invataksilla. Allasterapiassa hy\u00f6dynn\u00e4mme Lapuan virkistysuimala Sateenkaaren tiloja<\/p>\n\n\n\n<p class=\"has-very-dark-gray-color has-text-color\"><\/p>\n\n\n\n<p><strong>PALVELUT<\/strong><\/p>\n\n\n\n<div class=\"wp-block-group\"><div class=\"wp-block-group__inner-container is-layout-flow wp-block-group-is-layout-flow\">\n<div class=\"wp-block-group\"><div class=\"wp-block-group__inner-container is-layout-flow wp-block-group-is-layout-flow\">\n<p><a href=\"http:\/\/www.kipupiste.fi\/index.php\/palvelut\/\">OMT \u2013 Ortopedinen Manuaalin Terapia<\/a><\/p>\n\n\n\n<p><a href=\"http:\/\/www.kipupiste.fi\/index.php\/palvelut\/\">POFY \u2013 Podiatrinen fysioterapia<\/a><\/p>\n\n\n\n<p><a href=\"http:\/\/www.kipupiste.fi\/index.php\/palvelut\/\">Lymfaterapia<\/a><\/p>\n\n\n\n<p><a href=\"http:\/\/www.kipupiste.fi\/index.php\/palvelut\/\">Fysioterapiapalvelut<\/a><\/p>\n<\/div><\/div>\n\n\n\n<p><\/p>\n<\/div><\/div>\n\n\n\n<div class=\"wp-block-group\"><div class=\"wp-block-group__inner-container is-layout-flow wp-block-group-is-layout-flow\"><\/div><\/div>\n\n\n\n<p><\/p>\n\n\n<div class=\"wp-block-image is-style-default\">\n<figure class=\"aligncenter size-medium is-resized\"><img loading=\"lazy\" decoding=\"async\" width=\"268\" height=\"300\" src=\"http:\/\/www.kipupiste.fi\/wp-content\/uploads\/2020\/06\/OMT-fysioterapian-asiantuntija-rekiteroity-yhteisomerkki-268x300.jpg\" alt=\"\" class=\"wp-image-172\" style=\"width:101px;height:113px\"\/><\/figure>\n<\/div>\n\n\n<p><\/p>\n","protected":false},"excerpt":{"rendered":"<p>Lapuan Kipupisteess\u00e4 ty\u00f6skentelev\u00e4t ammattitaitoiset ennen kaikkea tuki- ja liikuntaelinongelmien kuntoutukseen erikoistuneet OMT-fysioterapeutit.\u00a0Toteutamme my\u00f6s Kelan vaativaa l\u00e4\u00e4kinn\u00e4llist\u00e4 kuntoutusta ja allasterapiaa. Ongelmien ja oireiden taustalla on usein l\u00f6ydett\u00e4viss\u00e4 kehon kannalta ep\u00e4edulliset kuormitusolosuhteet. Tavoitteenamme on yhdess\u00e4 asiakkaan kanssa selvitt\u00e4\u00e4 ja korjata n\u00e4it\u00e4 taustoja, jotta parhaaseen mahdolliseen hoitotulokseen p\u00e4\u00e4st\u00e4isiin ja jotteiv\u00e4t ongelmat uusiutuisi. Yksil\u00f6llisen, oikein kohdennetun fysioterapian toteuttamisen lis\u00e4ksi pyrimme asiakkaan kanssa l\u00f6yt\u00e4m\u00e4\u00e4n keinot [&hellip;]<\/p>\n","protected":false},"author":1,"featured_media":0,"parent":0,"menu_order":0,"comment_status":"closed","ping_status":"closed","template":"template-frontpage.php","meta":{"footnotes":""},"class_list":["post-2","page","type-page","status-publish","hentry"],"_links":{"self":[{"href":"https:\/\/kipupiste.fi\/index.php\/wp-json\/wp\/v2\/pages\/2","targetHints":{"allow":["GET"]}}],"collection":[{"href":"https:\/\/kipupiste.fi\/index.php\/wp-json\/wp\/v2\/pages"}],"about":[{"href":"https:\/\/kipupiste.fi\/index.php\/wp-json\/wp\/v2\/types\/page"}],"author":[{"embeddable":true,"href":"https:\/\/kipupiste.fi\/index.php\/wp-json\/wp\/v2\/users\/1"}],"replies":[{"embeddable":true,"href":"https:\/\/kipupiste.fi\/index.php\/wp-json\/wp\/v2\/comments?post=2"}],"version-history":[{"count":31,"href":"https:\/\/kipupiste.fi\/index.php\/wp-json\/wp\/v2\/pages\/2\/revisions"}],"predecessor-version":[{"id":432,"href":"https:\/\/kipupiste.fi\/index.php\/wp-json\/wp\/v2\/pages\/2\/revisions\/432"}],"wp:attachment":[{"href":"https:\/\/kipupiste.fi\/index.php\/wp-json\/wp\/v2\/media?parent=2"}],"curies":[{"name":"wp","href":"https:\/\/api.w.org\/{rel}","templated":true}]}}